*o. Let m = o + 5. What is h(m)?
-10
Let v(b) = -2*b**2 - 24 + 51 + 5*b**3 - 26 + 4*b**3. Give v(1).
8
Let z(d) be the third derivative of d**7/1680 + d**6/240 + d**5/10 + 5*d**2. Let l(u) be the third derivative of z(u). What is l(-3)?
-6
Let m(d) = 1 - 22*d + 14*d - d**2 + 3 + 9*d. Calculate m(0).
4
Let m(r) be the third derivative of r**5/60 + 3*r**4/8 + 3*r**3/2 - 40*r**2. Determine m(-7).
-5
Let u(m) be the second derivative of m**4/12 - 7*m**3/6 + 3*m**2 + 9*m. Calculate u(6).
0
Let k(z) = -2*z - 6. Let p = -23 + 39. Let o = 11 - p. What is k(o)?
4
Let b(q) = -q**3 + 2*q**2 + q + 2. Let g be -9*(0 + (-2)/6). Give b(g).
-4
Let p(d) = -2*d - 3. Suppose -2*r = a - 5 - 1, -3*a - 4*r + 8 = 0. Calculate p(a).
5
Let l(s) = s**3 - 8*s**2 + 8*s - 3. Let m be l(7). Let u(n) = -n**3 + 5*n**2 - n. What is u(m)?
12
Let g(l) = 3*l**2 + 3*l + 4. Let d(h) = -h**2 - h + 1. Let n(y) = -2*d(y) - g(y). Give n(0).
-6
Let k(p) = -p**3 - 5*p**2 - 7. Suppose -4*f - 53 = -t, 2*t + 14 = -2*f - 0*t. Let z = f - -7. What is k(z)?
-7
Let s be -1*3 + (0 - 2). Let d(l) = -l - 9. Determine d(s).
-4
Let y(q) = -3*q - 7. Let f(m) = -2*m - 7. Let n be f(-6). Let h(a) = -2*a - 4. Let r be (-2)/3 - (-7)/(-3). Let s(k) = n*h(k) + r*y(k). Determine s(1).
0
Let g(o) = -o - 4*o**2 - 2*o**2 - 3 + 4. Give g(1).
-6
Let d(c) = c**3 - 9*c**2 - 9*c - 6. Let z be (-50)/20*(-3 - 1). Calculate d(z).
4
Let s(z) = z**3 - 10*z**2 - 10*z - 13. Let n be s(11). Let h(g) = 2*g**2 - g - 2. Determine h(n).
8
Let d(h) = -2*h - 2. Let i(q) be the first derivative of -q**3/3 - 2*q - 2. Let y be i(0). What is d(y)?
2
Let w(y) be the second derivative of y**5/10 + y**4/24 + 3*y**2/2 - 5*y. Let x(b) be the first derivative of w(b). Give x(-1).
5
Let o = -13 - -18. Let m(g) = -o + 7 + g - 1. Give m(5).
6
Let k(s) = -s + 6. Let t = 1 - -4. Let x(p) = -2*p + 13. Let v(n) = t*k(n) - 2*x(n). Give v(0).
4
Let q(n) = 2*n**3 + 0*n**2 + 6*n + 4*n - 12*n - 2*n**2. What is q(2)?
4
Let l(m) = m**2 + m + 1. Let z be l(0). Suppose -2*i + 5*b + 6 = 4*b, 5*b = 4*i - 6. Let q(g) = -3*g + 10*g**2 + i*g**3 - 9*g**2 + 2*g. Give q(z).
4
Let q(a) = 2*a**2 - 2*a - 1. Suppose -2*m = 3*t + 9, -3 = 2*t - m - 4. What is q(t)?
3
Let p(m) = m**2 - m + 1. Let g(y) = 7*y**2 - 15*y + 12. Let x(a) = -g(a) + 6*p(a). Calculate x(5).
14
Let i = -12 + 34. Let g = i - 21. Let r(n) = -n. Calculate r(g).
-1
Suppose -2*t + 1 = 3. Let b(q) = -5*q. What is b(t)?
5
Let l = 10 - 10. Let d(x) be the third derivative of l - 1/2*x**3 - 2*x**2 + 0*x + 5/24*x**4. Determine d(2).
7
Let h(d) = -3*d**3 + 2*d**2 + 2. Let w(v) = -13*v**3 + 7*v**2 + v + 7. Let p be (7 - (-3 + 1))*1. Let o(i) = p*h(i) - 2*w(i). What is o(4)?
-4
Let v(y) = y**2 - 4*y + 2. Let f be (-10)/(-3) + 1/(-3). Give v(f).
-1
Let y(t) = -t**3 + 5*t**2 - 3*t + 3. Let b be y(3). Let a(q) = -q - 12 + b. What is a(5)?
-5
Suppose 0 = 2*i + i + 12. Let o(z) = 2*z + 3. Calculate o(i).
-5
Let q(n) = -n. Let c be q(-1). Let f(v) = 11*v + 1. Calculate f(c).
12
Let r(g) be the first derivative of -g**3/3 - g**2/2 + g - 8. What is r(2)?
-5
Suppose 10 = -5*t - 0. Let i = 1 - -1. Let d(p) = p + 2 - i. Calculate d(t).
-2
Let k(t) = t - 2*t - t + t + 6*t**2. Determine k(1).
5
Let m(i) = -i**3 + 2*i**2 - i + 1. Let x be 128/(-7) + 8/28. Let j be 24/x*(-6)/4. Calculate m(j).
-1
Let b(i) = -12*i**3 - i**2 - i + 1. Let v(n) = 2*n**2 + 10*n + 1. Let k be v(-5). What is b(k)?
-13
Suppose -4*s = -j - 4 - 4, s = j - 1. Let m(f) = -4 + j - 5*f**2. Calculate m(1).
-5
Suppose 4*f - 5*p - 30 = -f, 5*p = -2*f + 5. Suppose n - 6*n = -f. Let g(j) = -j**2 - 3 + 3*j - j**3 + 4 - 4*j. What is g(n)?
-2
Let s(y) = y**3 + 15*y**2 + 27*y + 16. Let f be s(-13). Let p(l) be the third derivative of -1/12*l**4 - f*l**2 + 0 + 0*l - 1/2*l**3. What is p(-4)?
5
Let c(t) be the third derivative of -t**5/60 + t**4/4 - t**3/6 + 2*t**2. Suppose -13*r - 84 = -27*r. Determine c(r).
-1
Let t be 2 + (-2 - 0) + 2. Let z(v) = -1 + t + 2 - 3*v - 3*v. Give z(2).
-9
Suppose t + p = -8, 4*t + 4*p = t - 23. Let f = t - -16. Let g(d) = -d**2 + 8*d - 4. Give g(f).
3
Suppose -5*q = 4*k + 1, -3*k + k + 4 = -2*q. Let j(f) = -12*f + 1. Calculate j(q).
13
Let f(d) be the first derivative of 3 + 4*d - 1/4*d**4 + 5/2*d**2 - 4/3*d**3. Let s = -12 + 7. Determine f(s).
4
Let w(s) be the first derivative of -s**6/60 - s**5/20 + s**3/3 - s**2 - 1. Let t(u) be the second derivative of w(u). Let y = -7 + 5. What is t(y)?
6
Suppose -q + 3*j + 7 = 0, 0 = -3*q - 0*q - j - 19. Let y(n) be the third derivative of -n**5/60 - n**4/8 + 7*n**3/6 + n**2. What is y(q)?
-3
Let v(i) be the third derivative of i**5/60 - i**4/6 - i**3 + 25*i**2. Calculate v(5).
-1
Let v(s) be the first derivative of -s**6/120 - s**5/20 + 5*s**4/24 + 2*s**2 - 1. Let h(o) be the second derivative of v(o). Give h(-4).
-4
Let y(n) = -n**3 - 6*n**2 - 4*n + 4. Suppose -3*a + 92 = 104. Give y(a).
-12
Let l(h) = -2 + h - 3*h + h + 11*h**2 - 10*h**2 + h**3. Calculate l(0).
-2
Suppose 4*d = 12 + 4. Let p(f) be the second derivative of -f**3/6 - f**2/2 - 3*f. Calculate p(d).
-5
Let k = 9 - 4. Let f(s) = -6*s - k + 4 + 2*s + s. Give f(2).
-7
Let j(r) = -r**3 - 2*r**2 - 2*r. Let l be j(-2). Let m(t) = t**2 + 1. Determine m(l).
17
Let t(o) = 3*o - 6. Let v(s) = -1. Let j(g) = t(g) - 4*v(g). Determine j(2).
4
Let b(m) be the first derivative of -m**2/2 + 2*m + 1. Suppose 0 = -v - 0*v - 2. Determine b(v).
4
Let r(u) = 11*u + 3. Let g(l) = 2*l. Let o(a) = -10*g(a) + 2*r(a). Let w(x) = -x**3 - 3*x**2. Let q be w(-2). Give o(q).
-2
Let n be 1 - (1 - -3) - 8. Let a(p) = p + 11. Let x be a(-6). Let d = n + x. Let g(z) = -z - 3. Determine g(d).
3
Let s(b) = 2*b**3 - 8*b**2 + 13*b + 10. Let k(q) = -q**3 + 4*q**2 - 7*q - 5. Let u(v) = 11*k(v) + 6*s(v). What is u(4)?
9
Let o(p) be the first derivative of -3*p**2/2 + 3*p + 29. Determine o(-3).
12
Let u(x) be the third derivative of x**4/24 - x**3 + 26*x**2. Calculate u(8).
2
Let h(m) be the second derivative of m**7/2520 + m**6/180 - m**5/30 + m**4/3 - 3*m. Let t(y) be the third derivative of h(y). Give t(-5).
1
Let t be 6/(-2)*1 - (-13)/4. Let w(i) be the first derivative of -t*i**4 + 5/2*i**2 - i**3 + 4*i + 1. Determine w(-4).
0
Let w(d) be the second derivative of d**3/2 - 5*d**2/2 - 23*d + 2. Give w(6).
13
Let g(j) = j**2 - 12*j + 11. Let h be g(11). Let i(d) be the third derivative of d**6/120 + d**5/60 - d**4/24 + 3*d**2. Determine i(h).
0
Let p(x) = 8*x**3 - 2*x + 1. Let d(m) = -m**2 + 7*m - 7. Let n be d(5). Let v be 1*(n + 0) - 2. Determine p(v).
7
Let w(n) = -3*n**2 - 1. Suppose -3*x - 9 = -0*x. Let b be (-4)/10 + x/5. Give w(b).
-4
Suppose -5 = -5*g + a, 3*a + 18 - 3 = 5*g. Suppose -3*r + 3*j - 18 = 0, r + j + 8 = -g*r. Let m = r + 3. Let v(w) = w**3 + 3*w**2 - w + 5. Give v(m).
-7
Let q = 5 + 0. Let n(y) = -1 + 0*y - y**2 - q*y + 0*y. Let p = 6 - 10. What is n(p)?
3
Let m(z) = -z + 3. Suppose 0 = -4*k - k - 60. Let n be (k/5)/(2/(-15)). Suppose 5*y - 7 = n. Calculate m(y).
-2
Suppose 0 = -2*x - 3*l - 0*l - 8, -x - 3*l - 10 = 0. Let a(y) = y - 4. Give a(x).
-2
Let r(j) = -j**2 - 13*j - 10. Let b be r(-10). Suppose 3*u + b = -4*k + 2*u, -5*u = -20. Let o be (k/(9/3))/1. Let g(x) = x**2 + 2*x - 1. Determine g(o).
-1
Let t(c) = c**3 - 4*c**2 + 4*c - 3. Let r(x) = x**3 + 8*x**2 + 6*x - 3. Let h be r(-7). Let a = h - 1. Calculate t(a).
0
Let u(j) = 4*j**3 + 7*j**2 - 7*j + 10. Let y(v) = -3*v**3 - 5*v**2 + 5*v - 7. Suppose 4*a = k - 22, 4 - 22 = 2*a - 4*k. Let o(z) = a*u(z) - 7*y(z). Give o(-2).
-9
Let r(m) = 3*m**2 + 3 - 7*m**2 - m**3 + 5*m - m**2 + 2*m. Calculate r(-6).
-3
Let y(h) = 4*h**2 - 3*h + 9. Let x(u) = -2*u**2 + 2*u - 5. Let d(i) = 11*x(i) + 6*y(i). Let s be (6/(-4))/(2/4). Give d(s).
5
Let r(a) = a**3 - a**2 - a + 1. Let z = -14 + 12. Let w = z - -3. Give r(w).
0
Let y(k) = 5*k**2 - 8*k - 9. Let p(a) = 4*a**2 - 8*a - 8. Let g(c) = 6*p(c) - 5*y(c). Let o be (5/2)/(2/(16/(-4))). What is g(o)?
12
Let x = 4 + 2. Let t(h) = -3*h**3 + 3*h**2 + 3*h + 5. Let b(l) = -7*l**3 + 5*l**2 + 5*l + 10. Let p(y) = -2*b(y) + 5*t(y). Calculate p(x).
-1
Suppose -3*f = 3*s + 18, -5*s = 8 + 7. Let x(m) be the second derivative of m**5/20 + m**4/3 + 2*m**3/3 - m**2/2 - 7*m. What is x(f)?
-4
Let l(v) = 16*v**2 + 12*v + 12. Let w(m) = -m**2 - m - 1. Let s(z) = 2*l(z) + 2